{"id":47,"date":"2017-08-17T00:16:35","date_gmt":"2017-08-16T22:16:35","guid":{"rendered":"https:\/\/golosze.szkola.pl\/?page_id=47"},"modified":"2018-11-30T12:48:35","modified_gmt":"2018-11-30T11:48:35","slug":"rodzice","status":"publish","type":"page","link":"https:\/\/golosze.szkola.pl\/index.php\/rodzice\/","title":{"rendered":"Rodzice"},"content":{"rendered":"<p>Zach\u0119camy rodzic\u00f3w klas I-V do udzia\u0142u w ankiecie na temat dzia\u0142a\u0144 promocyjnych &#8220;Programu dla szk\u00f3\u0142&#8221; (owoce, warzywa, mleko i przetwory mleczne)<\/p>\n<p>Link do strony :\u00a0http:\/\/www.kowr.gov.pl\/ankieta\/4<\/p>\n<p>Z g\u00f3ry serdecznie dzi\u0119kujemy!<\/p>\n<p>_________________________________________________________________________________________________________________________<\/p>\n<p>List Minister Edukacji Narodowej i G\u0142\u00f3wnego Inspektora Sanitarnego w sprawie\u00a0zapewnienia bezpiecze\u0144stwa dzieciom przed skutkami chor\u00f3b zaka\u017anych<\/p>\n<p><a href=\"https:\/\/golosze.szkola.pl\/wp-content\/uploads\/2017\/08\/MEN_GIS_rodzice.pdf\">MEN_GIS_rodzice<\/a><\/p>\n<p>&nbsp;<\/p>\n<p>&nbsp;<\/p>\n<p>_________________________________________________________________________________________________________________________<\/p>\n<p>W zwi\u0105zku ze zg\u0142aszanymi problemami dotycz\u0105cymi rekrutacji do szk\u00f3\u0142 ponadpodstawowych na rok szkolny 2019\/ 2020, Kuratorium O\u015bwiaty w Warszawie Delegatura w Radomiu, zaprasza na spotkanie po\u015bwi\u0119cone og\u00f3lnym zasadom rekrutacji do ww. szk\u00f3\u0142 na rok 2019\/ 2020.<\/p>\n<p>5.12.2018r. godz.16:00\u00a0 &#8211; ZSP im. Armii Krajowej Obwodu &#8220;G\u0142uszec&#8221; w Gr\u00f3jcu, ul. Piotra Skargi 12<\/p>\n<div><\/div>\n<div><\/div>\n","protected":false},"excerpt":{"rendered":"<p>Zach\u0119camy rodzic\u00f3w klas I-V do udzia\u0142u w ankiecie na temat dzia\u0142a\u0144 promocyjnych &#8220;Programu dla szk\u00f3\u0142&#8221; (owoce, warzywa, mleko i przetwory mleczne) Link do strony :\u00a0http:\/\/www.kowr.gov.pl\/ankieta\/4 Z g\u00f3ry serdecznie dzi\u0119kujemy! _________________________________________________________________________________________________________________________ List Minister Edukacji Narodowej i G\u0142\u00f3wnego Inspektora Sanitarnego w sprawie\u00a0zapewnienia bezpiecze\u0144stwa dzieciom przed skutkami chor\u00f3b zaka\u017anych MEN_GIS_rodzice &nbsp; &nbsp; _________________________________________________________________________________________________________________________ W zwi\u0105zku ze zg\u0142aszanymi problemami [&hellip;]<\/p>\n","protected":false},"author":1,"featured_media":0,"parent":0,"menu_order":0,"comment_status":"closed","ping_status":"closed","template":"","meta":[],"_links":{"self":[{"href":"https:\/\/golosze.szkola.pl\/index.php\/wp-json\/wp\/v2\/pages\/47"}],"collection":[{"href":"https:\/\/golosze.szkola.pl\/index.php\/wp-json\/wp\/v2\/pages"}],"about":[{"href":"https:\/\/golosze.szkola.pl\/index.php\/wp-json\/wp\/v2\/types\/page"}],"author":[{"embeddable":true,"href":"https:\/\/golosze.szkola.pl\/index.php\/wp-json\/wp\/v2\/users\/1"}],"replies":[{"embeddable":true,"href":"https:\/\/golosze.szkola.pl\/index.php\/wp-json\/wp\/v2\/comments?post=47"}],"version-history":[{"count":8,"href":"https:\/\/golosze.szkola.pl\/index.php\/wp-json\/wp\/v2\/pages\/47\/revisions"}],"predecessor-version":[{"id":1623,"href":"https:\/\/golosze.szkola.pl\/index.php\/wp-json\/wp\/v2\/pages\/47\/revisions\/1623"}],"wp:attachment":[{"href":"https:\/\/golosze.szkola.pl\/index.php\/wp-json\/wp\/v2\/media?parent=47"}],"curies":[{"name":"wp","href":"https:\/\/api.w.org\/{rel}","templated":true}]}}

<p>Zachęcamy rodziców klas I-V do udziału w ankiecie na temat działań promocyjnych &#8220;Programu dla szkół&#8221; (owoce, warzywa, mleko i przetwory mleczne)</p>
<p>Link do strony : http://www.kowr.gov.pl/ankieta/4</p>
<p>Z góry serdecznie dziękujemy!</p>
<p>_________________________________________________________________________________________________________________________</p>
<p>List Minister Edukacji Narodowej i Głównego Inspektora Sanitarnego w sprawie zapewnienia bezpieczeństwa dzieciom przed skutkami chorób zakaźnych</p>
<p><a href="https://golosze.szkola.pl/wp-content/uploads/2017/08/MEN_GIS_rodzice.pdf">MEN_GIS_rodzice</a></p>
<p>&nbsp;</p>
<p>&nbsp;</p>
<p>_________________________________________________________________________________________________________________________</p>
<p>W związku ze zgłaszanymi problemami dotyczącymi rekrutacji do szkół ponadpodstawowych na rok szkolny 2019/ 2020, Kuratorium Oświaty w Warszawie Delegatura w Radomiu, zaprasza na spotkanie poświęcone ogólnym zasadom rekrutacji do ww. szkół na rok 2019/ 2020.</p>
<p>5.12.2018r. godz.16:00  &#8211; ZSP im. Armii Krajowej Obwodu &#8220;Głuszec&#8221; w Grójcu, ul. Piotra Skargi 12</p>
<div></div>
<div></div>

<p>Zachęcamy rodziców klas I-V do udziału w ankiecie na temat działań promocyjnych &#8220;Programu dla szkół&#8221; (owoce, warzywa, mleko i przetwory mleczne) Link do strony : http://www.kowr.gov.pl/ankieta/4 Z góry serdecznie dziękujemy! _________________________________________________________________________________________________________________________ List Minister Edukacji Narodowej i Głównego Inspektora Sanitarnego w sprawie zapewnienia bezpieczeństwa dzieciom przed skutkami chorób zakaźnych MEN_GIS_rodzice &nbsp; &nbsp; _________________________________________________________________________________________________________________________ W związku ze zgłaszanymi problemami [&hellip;]</p>
