{"id":2878,"date":"2021-08-24T23:58:16","date_gmt":"2021-08-24T21:58:16","guid":{"rendered":"https:\/\/golosze.szkola.pl\/?page_id=2878"},"modified":"2024-09-01T20:03:55","modified_gmt":"2024-09-01T18:03:55","slug":"podreczniki","status":"publish","type":"page","link":"https:\/\/golosze.szkola.pl\/index.php\/podreczniki\/","title":{"rendered":"Podr\u0119czniki"},"content":{"rendered":"\n<p>SZKOLNY ZESTAW PODR\u0118CZNIK\u00d3W<\/p>\n\n\n\n<p>w Publicznej Szkole Podstawowej im. 11 Listopada 1918 r. w Go\u0142oszach<\/p>\n\n\n\n<p>w roku szkolnym 2024\/2025<\/p>\n\n\n\n<p>PODR\u0118CZNIKI, KT\u00d3RE ZAKUPI\u0104 RODZICE:<\/p>\n\n\n\n<p>Szkolny Zestaw Podr\u0119cznik\u00f3w zosta\u0142 dopuszczony do u\u017cytku szkolnego decyzj\u0105 dyrektora szko\u0142y \u2013 po uprzednim pozytywnym zaopiniowaniu przez Rad\u0119 Pedagogiczn\u0105 \u2013 \u00a0z moc\u0105 obowi\u0105zuj\u0105c\u0105 od 01.09.2024 r.<\/p>\n\n\n\n<p><\/p>\n\n\n\n<figure class=\"wp-block-gallery columns-3 is-cropped\"><ul class=\"blocks-gallery-grid\"><li class=\"blocks-gallery-item\"><figure><img loading=\"lazy\" width=\"724\" height=\"1024\" src=\"https:\/\/golosze.szkola.pl\/wp-content\/uploads\/2024\/09\/1s-1-724x1024.jpg\" alt=\"\" data-id=\"5274\" data-full-url=\"https:\/\/golosze.szkola.pl\/wp-content\/uploads\/2024\/09\/1s-1.jpg\" data-link=\"https:\/\/golosze.szkola.pl\/index.php\/podreczniki\/1s-1\/\" class=\"wp-image-5274\" srcset=\"https:\/\/golosze.szkola.pl\/wp-content\/uploads\/2024\/09\/1s-1-724x1024.jpg 724w, https:\/\/golosze.szkola.pl\/wp-content\/uploads\/2024\/09\/1s-1-212x300.jpg 212w, https:\/\/golosze.szkola.pl\/wp-content\/uploads\/2024\/09\/1s-1-768x1086.jpg 768w, https:\/\/golosze.szkola.pl\/wp-content\/uploads\/2024\/09\/1s-1-1086x1536.jpg 1086w, https:\/\/golosze.szkola.pl\/wp-content\/uploads\/2024\/09\/1s-1.jpg 1448w\" sizes=\"(max-width: 724px) 100vw, 724px\" \/><\/figure><\/li><li class=\"blocks-gallery-item\"><figure><img loading=\"lazy\" width=\"724\" height=\"1024\" src=\"https:\/\/golosze.szkola.pl\/wp-content\/uploads\/2024\/09\/2s-1-724x1024.jpg\" alt=\"\" data-id=\"5275\" data-full-url=\"https:\/\/golosze.szkola.pl\/wp-content\/uploads\/2024\/09\/2s-1.jpg\" data-link=\"https:\/\/golosze.szkola.pl\/index.php\/podreczniki\/2s-1\/\" class=\"wp-image-5275\" srcset=\"https:\/\/golosze.szkola.pl\/wp-content\/uploads\/2024\/09\/2s-1-724x1024.jpg 724w, https:\/\/golosze.szkola.pl\/wp-content\/uploads\/2024\/09\/2s-1-212x300.jpg 212w, https:\/\/golosze.szkola.pl\/wp-content\/uploads\/2024\/09\/2s-1-768x1086.jpg 768w, https:\/\/golosze.szkola.pl\/wp-content\/uploads\/2024\/09\/2s-1-1086x1536.jpg 1086w, https:\/\/golosze.szkola.pl\/wp-content\/uploads\/2024\/09\/2s-1.jpg 1448w\" sizes=\"(max-width: 724px) 100vw, 724px\" \/><\/figure><\/li><li class=\"blocks-gallery-item\"><figure><img loading=\"lazy\" width=\"679\" height=\"960\" src=\"https:\/\/golosze.szkola.pl\/wp-content\/uploads\/2024\/09\/3s-1.jpg\" alt=\"\" data-id=\"5276\" data-full-url=\"https:\/\/golosze.szkola.pl\/wp-content\/uploads\/2024\/09\/3s-1.jpg\" data-link=\"https:\/\/golosze.szkola.pl\/index.php\/podreczniki\/3s-1\/\" class=\"wp-image-5276\" srcset=\"https:\/\/golosze.szkola.pl\/wp-content\/uploads\/2024\/09\/3s-1.jpg 679w, https:\/\/golosze.szkola.pl\/wp-content\/uploads\/2024\/09\/3s-1-212x300.jpg 212w\" sizes=\"(max-width: 679px) 100vw, 679px\" \/><\/figure><\/li><\/ul><\/figure>\n\n\n\n<p><strong>\u00a0POZOSTA\u0141E PODR\u0118CZNIKI <\/strong> <strong>ZAKUPI SZKO\u0141A<\/strong> <\/p>\n","protected":false},"excerpt":{"rendered":"<p>SZKOLNY ZESTAW PODR\u0118CZNIK\u00d3W w Publicznej Szkole Podstawowej im. 11 Listopada 1918 r. w Go\u0142oszach w roku szkolnym 2024\/2025 PODR\u0118CZNIKI, KT\u00d3RE ZAKUPI\u0104 RODZICE: Szkolny Zestaw Podr\u0119cznik\u00f3w zosta\u0142 dopuszczony do u\u017cytku szkolnego decyzj\u0105 dyrektora szko\u0142y \u2013 po uprzednim pozytywnym zaopiniowaniu przez Rad\u0119 Pedagogiczn\u0105 \u2013 \u00a0z moc\u0105 obowi\u0105zuj\u0105c\u0105 od 01.09.2024 r. \u00a0POZOSTA\u0141E PODR\u0118CZNIKI ZAKUPI SZKO\u0141A<\/p>\n","protected":false},"author":1,"featured_media":0,"parent":0,"menu_order":0,"comment_status":"closed","ping_status":"closed","template":"","meta":[],"_links":{"self":[{"href":"https:\/\/golosze.szkola.pl\/index.php\/wp-json\/wp\/v2\/pages\/2878"}],"collection":[{"href":"https:\/\/golosze.szkola.pl\/index.php\/wp-json\/wp\/v2\/pages"}],"about":[{"href":"https:\/\/golosze.szkola.pl\/index.php\/wp-json\/wp\/v2\/types\/page"}],"author":[{"embeddable":true,"href":"https:\/\/golosze.szkola.pl\/index.php\/wp-json\/wp\/v2\/users\/1"}],"replies":[{"embeddable":true,"href":"https:\/\/golosze.szkola.pl\/index.php\/wp-json\/wp\/v2\/comments?post=2878"}],"version-history":[{"count":12,"href":"https:\/\/golosze.szkola.pl\/index.php\/wp-json\/wp\/v2\/pages\/2878\/revisions"}],"predecessor-version":[{"id":5277,"href":"https:\/\/golosze.szkola.pl\/index.php\/wp-json\/wp\/v2\/pages\/2878\/revisions\/5277"}],"wp:attachment":[{"href":"https:\/\/golosze.szkola.pl\/index.php\/wp-json\/wp\/v2\/media?parent=2878"}],"curies":[{"name":"wp","href":"https:\/\/api.w.org\/{rel}","templated":true}]}}