{"id":17,"date":"2017-08-17T00:10:03","date_gmt":"2017-08-16T22:10:03","guid":{"rendered":"https:\/\/golosze.szkola.pl\/?page_id=17"},"modified":"2024-09-14T07:37:02","modified_gmt":"2024-09-14T05:37:02","slug":"dokumenty-szkoly","status":"publish","type":"page","link":"https:\/\/golosze.szkola.pl\/index.php\/dokumenty-szkoly\/","title":{"rendered":"Dokumenty szko\u0142y"},"content":{"rendered":"<ul>\n<li><strong><a href=\"https:\/\/golosze.szkola.pl\/wp-content\/uploads\/2022\/09\/STATUT-luty-2022.pdf\">Statut Szko\u0142y &#8211; dokument pdf<\/a><\/strong><\/li>\n<li><strong><a href=\"https:\/\/golosze.szkola.pl\/wp-content\/uploads\/2017\/08\/regulamin.pdf\" target=\"_blank\" rel=\"noopener noreferrer\">Regulamin szko\u0142y- dokument pdf<\/a><\/strong><\/li>\n<li><strong>Program wychowawczo &#8211; profilaktyczny &#8211; dokument pdf<\/strong><\/li>\n<li><strong><a href=\"https:\/\/golosze.szkola.pl\/wp-content\/uploads\/2017\/08\/procedury.pdf\" target=\"_blank\" rel=\"noopener noreferrer\">Procedury bezpiecze\u0144stwa w szkole &#8211; dokument pdf<\/a><\/strong><\/li>\n<li><strong><a href=\"https:\/\/golosze.szkola.pl\/wp-content\/uploads\/2018\/02\/Procedura-kontroli-obowi\u0105zku-szkolnego-i-przedszkolnego.pdf\">Procedura kontroli obowi\u0105zku szkolnego i wychowania przedszkolnego &#8211; dokument pdf<\/a><\/strong><\/li>\n<li><strong><a href=\"https:\/\/golosze.szkola.pl\/wp-content\/uploads\/2020\/09\/Procedury-bezpiecze\u0144stwa.pdf\" target=\"_blank\" rel=\"noopener noreferrer\">Procedury bezpiecze\u0144stwa &#8211; dokument pdf<\/a><\/strong><\/li>\n<li><strong><a href=\"https:\/\/golosze.szkola.pl\/wp-content\/uploads\/2017\/08\/Procedura-dotycz\u0105ca-post\u0119powania-w-przedszkolu-1.pdf\" target=\"_blank\" rel=\"noopener noreferrer\">Procedura dotycz\u0105ca post\u0119powania w przedszkolu &#8211; dokument pdf<\/a><\/strong><\/li>\n<li><strong><a href=\"https:\/\/golosze.szkola.pl\/wp-content\/uploads\/2024\/09\/Standardy-Ochrony-Maloletnich.pdf\">Standardy-Ochrony-Ma\u0142oletnich<\/a><\/strong><\/li>\n<\/ul>\n","protected":false},"excerpt":{"rendered":"<p>Statut Szko\u0142y &#8211; dokument pdf Regulamin szko\u0142y- dokument pdf Program wychowawczo &#8211; profilaktyczny &#8211; dokument pdf Procedury bezpiecze\u0144stwa w szkole &#8211; dokument pdf Procedura kontroli obowi\u0105zku szkolnego i wychowania przedszkolnego &#8211; dokument pdf Procedury bezpiecze\u0144stwa &#8211; dokument pdf Procedura dotycz\u0105ca post\u0119powania w przedszkolu &#8211; dokument pdf Standardy-Ochrony-Ma\u0142oletnich<\/p>\n","protected":false},"author":1,"featured_media":0,"parent":0,"menu_order":0,"comment_status":"closed","ping_status":"closed","template":"","meta":[],"_links":{"self":[{"href":"https:\/\/golosze.szkola.pl\/index.php\/wp-json\/wp\/v2\/pages\/17"}],"collection":[{"href":"https:\/\/golosze.szkola.pl\/index.php\/wp-json\/wp\/v2\/pages"}],"about":[{"href":"https:\/\/golosze.szkola.pl\/index.php\/wp-json\/wp\/v2\/types\/page"}],"author":[{"embeddable":true,"href":"https:\/\/golosze.szkola.pl\/index.php\/wp-json\/wp\/v2\/users\/1"}],"replies":[{"embeddable":true,"href":"https:\/\/golosze.szkola.pl\/index.php\/wp-json\/wp\/v2\/comments?post=17"}],"version-history":[{"count":33,"href":"https:\/\/golosze.szkola.pl\/index.php\/wp-json\/wp\/v2\/pages\/17\/revisions"}],"predecessor-version":[{"id":5304,"href":"https:\/\/golosze.szkola.pl\/index.php\/wp-json\/wp\/v2\/pages\/17\/revisions\/5304"}],"wp:attachment":[{"href":"https:\/\/golosze.szkola.pl\/index.php\/wp-json\/wp\/v2\/media?parent=17"}],"curies":[{"name":"wp","href":"https:\/\/api.w.org\/{rel}","templated":true}]}}